 1090 and 40?
10
Calculate the highest common factor of 164 and 1148.
164
What is the greatest common factor of 992 and 62?
62
Calculate the greatest common factor of 57 and 1159.
19
What is the greatest common divisor of 160 and 96?
32
What is the greatest common divisor of 1152 and 9?
9
What is the highest common factor of 72 and 11484?
36
Calculate the highest common divisor of 32 and 2184.
8
Calculate the greatest common divisor of 51 and 493.
17
What is the greatest common divisor of 4498 and 39?
13
What is the highest common divisor of 1500 and 50?
50
Calculate the greatest common factor of 84 and 4.
4
What is the highest common divisor of 352 and 224?
32
Calculate the highest common divisor of 2384 and 80.
16
What is the highest common divisor of 162 and 594?
54
Calculate the highest common factor of 519 and 19549.
173
Calculate the highest common factor of 42 and 224.
14
Calculate the greatest common divisor of 322 and 42.
14
Calculate the highest common divisor of 4558 and 86.
86
What is the greatest common divisor of 4042 and 86?
86
Calculate the greatest common divisor of 160 and 60.
20
What is the greatest common divisor of 104 and 3328?
104
Calculate the greatest common factor of 5289 and 123.
123
Calculate the highest common divisor of 228 and 285.
57
What is the highest common divisor of 18 and 24?
6
Calculate the highest common factor of 110 and 80.
10
Calculate the highest common divisor of 4216 and 372.
124
Calculate the greatest common divisor of 14 and 175.
7
Calculate the greatest common divisor of 18 and 1575.
9
Calculate the highest common divisor of 9 and 849.
3
What is the highest common divisor of 730 and 20?
10
Calculate the highest common divisor of 50 and 118.
2
Calculate the greatest common factor of 22470 and 30.
30
What is the greatest common factor of 1392 and 377?
29
What is the highest common divisor of 4 and 220?
4
Calculate the highest common factor of 5 and 1295.
5
Calculate the greatest common factor of 780 and 16.
4
What is the greatest common factor of 112 and 7336?
56
What is the highest common divisor of 306 and 18?
18
What is the greatest common divisor of 195 and 30?
15
Calculate the greatest common divisor of 118371 and 11.
11
Calculate the greatest common factor of 540 and 320.
20
What is the highest common divisor of 36 and 55116?
36
Calculate the highest common divisor of 57 and 1425.
57
What is the greatest common divisor of 40 and 3?
1
Calculate the highest common divisor of 40 and 490.
10
Calculate the highest common factor of 20 and 1735.
5
What is the highest common divisor of 580 and 174?
58
Calculate the highest common divisor of 209 and 55.
11
Calculate the greatest common factor of 7 and 6041.
7
What is the greatest common factor of 160 and 1120?
160
Calculate the greatest common factor of 11 and 77.
11
What is the highest common factor of 19 and 27911?
19
What is the greatest common divisor of 4 and 1626?
2
What is the greatest common factor of 84116 and 34?
34
Calculate the highest common factor of 1377 and 85.
17
What is the highest common factor of 5488 and 48?
16
Calculate the greatest common factor of 21 and 77.
7
Calculate the greatest common divisor of 15 and 1485.
15
Calculate the highest common divisor of 345 and 60.
15
Calculate the greatest common divisor of 27118 and 14.
14
What is the greatest common divisor of 2697 and 435?
87
Calculate the greatest common factor of 544 and 17.
17
What is the highest common factor of 2637 and 9?
9
Calculate the greatest common divisor of 345 and 30.
15
Calculate the greatest common divisor of 171 and 228.
57
Calculate the highest common divisor of 105 and 24465.
105
What is the greatest common divisor of 28 and 3262?
14
Calculate the greatest common divisor of 410 and 160.
10
Calculate the greatest common factor of 60 and 4360.
20
What is the highest common factor of 150 and 16320?
30
What is the highest common divisor of 216 and 41400?
72
What is the greatest common divisor of 26 and 1339?
13
Calculate the greatest common divisor of 14552 and 107.
107
Calculate the greatest common factor of 13434 and 6.
6
Calculate the highest common divisor of 38 and 22.
2
Calculate the highest common factor of 102 and 170.
34
Calculate the greatest common divisor of 1952 and 352.
32
What is the highest common factor of 820 and 164?
164
What is the greatest common divisor of 4 and 578?
2
What is the highest common divisor of 234 and 208?
26
What is the highest common factor of 50 and 4?
2
Calculate the greatest common factor of 192 and 1668.
12
Calculate the highest common factor of 176 and 55.
11
What is the greatest common factor of 33 and 51843?
33
Calculate the highest common divisor of 928 and 58.
58
What is the greatest common factor of 66 and 4334?
22
What is the greatest common factor of 143 and 22?
11
What is the highest common factor of 12590 and 10?
10
What is the greatest common factor of 220 and 418?
22
Calculate the highest common divisor of 15 and 5730.
15
Calculate the highest common divisor of 8241 and 205.
41
Calculate the highest common divisor of 14265 and 135.
45
Calculate the highest common factor of 348 and 36.
12
What is the highest common factor of 32 and 2?
2
Calculate the highest common divisor of 16 and 68.
4
What is the greatest common divisor of 33620 and 20?
20
What is the greatest common divisor of 3248 and 112?
112
What is the greatest common divisor of 22757 and 21?
7
Calculate the greatest common factor of 58 and 609.
29
What is the greatest common factor of 1780 and 110?
10
What is the highest common divisor of 14942 and 241?
241
What is the greatest common factor of 29 and 4553?
29
What is the highest common divisor of 1058 and 92?
46
What is the highest common factor of 10098 and 110?
22
Calculate the greatest common factor of 961 and 248.
31
Calculate the highest common divisor of 99 and 11.
11
Calculate the highest common divisor of 11 and 297.
11
What is the greatest common factor of 552 and 72?
24
What is the highest common divisor of 848 and 192?
16
Calculate the greatest common divisor of 5220 and 9.
9
What is the highest common divisor of 192 and 708?
12
Calculate the highest common divisor of 606 and 505.
101
What is the highest common divisor of 55 and 65?
5
What is the greatest common divisor of 44 and 20?
4
Calculate the highest common divisor of 85 and 5.
5
Calculate the greatest common factor of 51 and 24.
3
Calculate the highest common divisor of 1312 and 410.
82
What is the highest common factor of 108 and 28?
4
What is the highest common factor of 633 and 50429?
211
Calculate the greatest common factor of 16524 and 108.
108
What is the highest common divisor of 160 and 240?
80
Calculate the highest common factor of 199 and 995.
199
What is the highest common divisor of 19 and 6289?
19
Calculate the highest common divisor of 6690 and 60.
30
Calculate the highest common factor of 296 and 111.
37
What is the highest common divisor of 1930 and 250?
10
What is the highest common factor of 1896 and 1106?
158
What is the greatest common factor of 6 and 22?
2
What is the highest common divisor of 58 and 29?
29
Calculate the highest common factor of 704 and 11.
11
What is the highest common factor of 40 and 584?
8
Calculate the greatest common divisor of 680 and 1000.
40
Calculate the highest common divisor of 15 and 3165.
15
Calculate the highest common divisor of 420 and 260.
20
Calculate the highest common divisor of 4 and 10796.
4
What is the highest common divisor of 6 and 942?
6
Calculate the greatest common factor of 3156 and 96.
12
What is the highest common factor of 909 and 1515?
303
Calculate the greatest common divisor of 4 and 916.
4
Calculate the highest common divisor of 4681 and 155.
31
Calculate the greatest common factor of 2016 and 1113.
21
What is the highest common divisor of 1899 and 27?
9
Calculate the greatest common divisor of 100 and 800.
100
Calculate the greatest common factor of 177 and 12.
3
Calculate the greatest common factor of 17 and 1003.
17
What is the greatest common divisor of 228 and 190?
38
What is the greatest common divisor of 104 and 1924?
52
What is the greatest common factor of 6636 and 84?
84
What is the highest common factor of 486 and 108?
54
Calculate the 